the greatest common factor of 6206955 and 5406?
51
Calculate the highest common divisor of 2321 and 5092907.
211
What is the greatest common divisor of 5619506 and 33344?
1042
What is the greatest common factor of 1226 and 152953921?
613
Calculate the greatest common divisor of 1458 and 993708.
162
What is the highest common factor of 967638287 and 146?
73
Calculate the highest common divisor of 35554 and 16204042.
1226
What is the greatest common divisor of 20336 and 9466718?
62
Calculate the highest common divisor of 550 and 959321.
11
Calculate the highest common factor of 243 and 375993.
9
Calculate the greatest common factor of 288 and 495499608.
72
What is the highest common divisor of 15629761 and 532?
133
Calculate the greatest common divisor of 204979030 and 76874.
10982
Calculate the highest common factor of 79960571 and 628.
157
What is the highest common factor of 1663968 and 40800?
96
What is the highest common factor of 1098 and 1481904?
18
What is the greatest common factor of 16348531 and 994?
71
Calculate the greatest common factor of 3633079 and 1962.
109
What is the greatest common factor of 125469928 and 952?
136
What is the highest common divisor of 2156747 and 209?
19
What is the highest common factor of 82061 and 496685?
4319
Calculate the highest common divisor of 460 and 1483730.
230
Calculate the highest common factor of 3029 and 741962.
13
What is the highest common factor of 64758 and 10707?
129
What is the highest common factor of 2681901 and 963?
9
What is the greatest common divisor of 20 and 96508?
4
What is the greatest common factor of 38211 and 6504?
813
Calculate the highest common divisor of 8834 and 321765199.
4417
Calculate the highest common divisor of 10435 and 2183002.
2087
Calculate the highest common divisor of 14900500 and 1700.
1700
Calculate the greatest common factor of 3934720 and 2496.
64
What is the highest common divisor of 4983441419 and 11?
11
What is the greatest common factor of 84027 and 446997?
111
What is the highest common factor of 31 and 113377?
1
What is the greatest common divisor of 1900 and 4386093?
19
What is the highest common divisor of 169825473 and 98730?
9873
What is the highest common factor of 492 and 9902700?
12
What is the greatest common factor of 432864 and 3070224?
1296
Calculate the greatest common divisor of 777152 and 4496.
16
Calculate the highest common divisor of 114 and 13135574.
38
Calculate the highest common factor of 49747367 and 69.
23
Calculate the greatest common factor of 3985817 and 143.
11
What is the highest common factor of 878713 and 1071?
17
Calculate the greatest common divisor of 274 and 133673914.
274
What is the highest common factor of 1347453 and 27?
9
Calculate the highest common divisor of 15290 and 124615.
5
Calculate the highest common factor of 217 and 132314.
7
What is the greatest common divisor of 416 and 99534032?
208
What is the highest common divisor of 143826200 and 1225?
175
Calculate the greatest common factor of 139417 and 2594574.
2363
Calculate the highest common factor of 59708 and 387512.
236
Calculate the greatest common divisor of 18306542 and 2032.
254
What is the highest common factor of 2808 and 5658744?
312
Calculate the greatest common divisor of 3105 and 10784654.
23
What is the greatest common divisor of 168 and 19918536?
24
Calculate the greatest common divisor of 57335850 and 405.
405
Calculate the greatest common factor of 411239 and 17091.
211
Calculate the greatest common factor of 70398924 and 8940.
1788
What is the greatest common divisor of 24927028 and 5372?
316
What is the greatest common factor of 24808 and 16917284?
1772
What is the highest common factor of 4346162 and 262?
2
What is the greatest common divisor of 7354755 and 327231?
3177
What is the highest common divisor of 11578 and 10178?
14
Calculate the greatest common factor of 91 and 168387921.
13
Calculate the highest common divisor of 2061 and 2121395544.
2061
What is the highest common divisor of 183 and 134901378?
183
Calculate the highest common factor of 71296638 and 532.
14
What is the highest common factor of 54557 and 83393?
89
What is the highest common divisor of 3820476 and 4884?
132
Calculate the greatest common divisor of 20 and 74374780.
20
What is the greatest common factor of 59818 and 559037276?
5438
What is the highest common divisor of 17858860 and 1444?
76
Calculate the greatest common divisor of 12879 and 474579.
243
Calculate the highest common factor of 40549 and 40894.
23
Calculate the highest common divisor of 537829 and 578.
289
Calculate the greatest common factor of 2243976 and 125652.
444
What is the highest common divisor of 1909347 and 33?
33
Calculate the greatest common divisor of 65232027 and 7.
7
Calculate the highest common factor of 3775 and 791462725.
3775
Calculate the highest common factor of 8736 and 950915784.
2184
What is the highest common factor of 42952 and 77376?
104
Calculate the highest common divisor of 611445855 and 654.
327
What is the greatest common divisor of 28865754 and 1436?
718
What is the highest common divisor of 375 and 130991?
1
What is the greatest common factor of 27904 and 25108368?
1744
Calculate the highest common divisor of 46272 and 1975968.
96
What is the highest common divisor of 566640 and 26280?
360
What is the greatest common factor of 17917064 and 8924?
388
Calculate the greatest common factor of 27970 and 28660859.
2797
Calculate the greatest common divisor of 139753609 and 73.
73
Calculate the highest common factor of 123057882 and 18.
18
Calculate the highest common divisor of 2555382 and 141024.
678
What is the highest common divisor of 80083519 and 2342?
1171
Calculate the greatest common factor of 155 and 264963386.
31
Calculate the greatest common factor of 162774506 and 116.
58
What is the greatest common divisor of 57827 and 381227?
77
What is the highest common divisor of 9698448 and 18915?
291
What is the greatest common factor of 91 and 9469369?
91
What is the greatest common factor of 173130 and 18676150?
1990
What is the highest common divisor of 108743347 and 562?
281
Calculate the highest common divisor of 19 and 33938237.
19
Calculate the greatest common factor of 246757201 and 1319.
1319
Calculate the highest common factor of 23925572 and 484.
484
Calculate the greatest common divisor of 195474159 and 9.
9
What is the greatest common factor of 22278491 and 248?
31
What is the highest common divisor of 2957436 and 100?
4
Calculate the greatest common factor of 132 and 50595523.
11
What is the greatest common divisor of 4719405 and 15?
15
Calculate the greatest common factor of 325 and 2804971.
13
What is the greatest common factor of 1653590 and 5610?
170
What is the highest common factor of 3366839 and 1078?
49
Calculate the greatest common factor of 323 and 17819587.
323
What is the greatest common factor of 14385 and 8442077?
959
Calculate the highest common divisor of 510 and 2445820.
10
What is the greatest common factor of 101 and 9774679?
101
What is the greatest common divisor of 544836905 and 164?
41
Calculate the greatest common divisor of 3328173 and 171.
171
Calculate the greatest common factor of 878202 and 65286.
2106
Calculate the highest common factor of 95 and 99000507.
19
What is the greatest common factor of 411025585 and 3560?
445
What is the highest common divisor of 54 and 1217322?
54
Calculate the highest common factor of 116245 and 2302345.
1735
Calculate the greatest common divisor of 32 and 682570528.
32
Calculate the greatest common factor of 37208 and 32.
8
What is the greatest common divisor of 121 and 2778589?
11
Calculate the greatest common factor of 4869969 and 286.
13
What is the greatest common factor of 10947 and 1889025?
267
What is the highest common divisor of 1500 and 26585500?
500
Calculate the greatest common divisor of 85218084 and 1008.
252
What is the highest common factor of 3485325 and 44025?
75
What is the greatest common divisor of 5292617 and 22?
11
Calculate the highest common divisor of 81291 and 18292687.
553
What is the highest common factor of 186 and 49377296?
62
Calculate the greatest common factor of 74 and 31494511.
37
Calculate the highest common factor of 440 and 312080.
40
What is the